1707*p + 2995. Is d(6) composite?
False
Suppose -3*x - 5*g = -9*g - 52983, 0 = g - 6. Is x prime?
True
Let x be ((-40)/30 - -2)*(-1 - 2). Let r(b) = -762*b**3 - 13*b**2 - 2*b + 1. Is r(x) composite?
True
Let s(n) = 5 - 94*n - 49 - 20 + 9. Is s(-18) a prime number?
True
Suppose 4*f = f - 5958. Let v = -408 - f. Let y = v + -887. Is y a composite number?
False
Suppose 0 = 5*i - 428 + 58. Suppose -i*l + 75*l = 787. Is l a prime number?
True
Suppose 16*x - 12*x - 15589244 = 3*g, -x = 2*g - 3897311. Is x a composite number?
True
Is (-3)/(-2)*3955134*25/225 prime?
True
Let u(t) = 1597*t**3 - t**2 + 2*t - 1. Let q = 31 - 37. Let c = q - -7. Is u(c) a prime number?
True
Let c(a) = -a**3 - 29*a**2 + 325*a - 11. Is c(-46) composite?
False
Let i(w) = 557*w**2 + 602*w - 16. Is i(11) a prime number?
False
Let g be (-1)/(-4) + -1 + 85113/28. Is ((-30)/18 + 4)*g a prime number?
False
Let c be 3/(-15) + (-5)/(100/34676). Let p = -985 - c. Is p prime?
False
Let m = -24 + 27. Suppose m*g - 5*p - 1 = -g, -4*p + 12 = 0. Is (3235/20)/(g/16) composite?
False
Is (-2 + 3 + 0/2)/(2/87382) a prime number?
True
Let c = -13015 - -18535. Let y = 21029 - c. Is y prime?
False
Let w(x) = 18*x + 5. Let q(a) = 3*a**2 - 19*a - 16. Let n(o) = -o**2 + 9*o + 8. Let h(i) = 7*n(i) + 3*q(i). Let z be h(-4). Is w(z) a composite number?
False
Suppose y - 3 = -6, 56 = 5*k + 3*y. Suppose 0 = k*f - 17*f + 4444. Is f prime?
False
Let t(n) = 3*n**2 - 31*n - 15. Let m be t(17). Suppose 3*v - 1361 = m. Suppose v = -2*o + 2544. Is o composite?
False
Suppose 19*w - 17*w = 5960. Suppose -2*d + d + 988 = -f, -3*d + w = 5*f. Is d/(4 + -2) - 4 prime?
True
Let b be 24/12*(1 + 1). Let c(h) = 235*h**2 - 5*h + 9. Is c(b) prime?
False
Let c(r) = -534*r - 23. Let f = 93 - 98. Is c(f) a composite number?
False
Let l be (1 + 554 - 0) + (1 - -2). Let f = l - 879. Let d = f - -590. Is d a composite number?
False
Let u(k) = -k**3 - 20*k**2 - 9. Let o be u(-20). Is 35098/21 - (1 + 6/o) prime?
False
Let u be 1 + -3 + 4 - -11491. Let i = u - 4498. Is i prime?
False
Let g(a) = a**2 + 7*a. Let c be g(-5). Let x(r) = -4*r**3 - r + 2. Let k be x(c). Suppose -k - 1426 = -2*q. Is q a prime number?
True
Suppose 212750 = 8*j + 47542. Let o = j - 10012. Is o prime?
True
Suppose 2*i - 282398 = 3*k, -16845 = i - k - 158042. Is i prime?
False
Let y = 21203 - -2154. Is y a prime number?
True
Suppose -2505 = -5*m + 103840. Is m a composite number?
False
Suppose 739066 + 826211 = 57*m. Is m a composite number?
True
Suppose 42386 - 9366 = -13*a. Let w = a + 4075. Is w composite?
True
Let g(u) = -2*u**2 - 15*u - 2. Let l be g(-7). Suppose 0 = 2*p + 5*j + 7, l*j - 1 = 4*p + 2*j. Is (3689 - 5)/6 + p a composite number?
False
Is ((-8)/(-12))/((-36)/(-3908466)) a composite number?
False
Let x = -95497 + 629250. Is x a prime number?
False
Let m(u) be the first derivative of 8*u**3/3 + 5*u**2/2 + 9*u + 1. Let b be -1*((-88)/(-40) + -1)*5. Is m(b) composite?
True
Let t = 402 - 384. Suppose 4*n - 19*u = -t*u + 1999, 5*n = 5*u + 2480. Is n a prime number?
False
Suppose -9*t + 1009 = -10*t. Let l = -519 + t. Is l/(-10)*((-6)/4 + 4) a composite number?
True
Let v(r) = -3*r - 103. Let k = 16 + -16. Let z be v(k). Let q = 260 + z. Is q prime?
True
Suppose 2*k + 27*l = 30*l + 25651, -3*k + 2*l = -38474. Suppose -16*r = -8*r - k. Is r a composite number?
True
Suppose 7*o = 9*o + 2. Let s be (-1 - 3)/o - 2. Suppose 4*i = 2*r - 808 - 1506, 5*r - 5761 = s*i. Is r composite?
False
Is 296674 + 121/(44/(-4)) composite?
False
Suppose -5*t + 54 = 14. Let u = 13 - t. Suppose -u*i = -2424 + 629. Is i a composite number?
False
Let h(i) = i**3 + 151*i**2 - 30*i - 371. Is h(-143) a composite number?
True
Suppose -d + 57 = 53. Suppose -5*g = -3*n - 40540, -2*g + 24039 = d*n + 7849. Is g composite?
True
Let u = -24121 + 44898. Is u composite?
True
Suppose -5*i + 4*p = 9344, 0 = -0*i + 2*i - 5*p + 3724. Let g = i - -5009. Is g a composite number?
False
Suppose 0 = 21*v - 726494 - 200845. Is v a prime number?
True
Let c(h) = 1178*h + 283. Is c(32) composite?
True
Suppose 5*m + 10493 = -2*l + 765, 2*m - 8 = 0. Is (l/(-8))/(21/(-84))*-1 a prime number?
True
Suppose z + 2976 = 5*g - 3*z, 2*g - 1192 = 2*z. Suppose 0 = -16*w + 15*w + g. Let s = w - -247. Is s a composite number?
False
Suppose -2*o - 10 = -18. Suppose f = 4*y - 3*f - o, 12 = 5*y + 2*f. Suppose -y*w = -2*r - 1912, 0 = r + 4 - 1. Is w a prime number?
True
Let l be (24/36)/(1/(1 - -2 - 0)). Suppose -2*z - 472 = -5912. Suppose -2*k = 4*u - 2730, l*u - z = -2*u - 4*k. Is u composite?
True
Let x be 2 - (6/8 + 321/(-12)). Suppose 14580 = -32*r + x*r. Let s = 7694 + r. Is s composite?
False
Suppose 8*h - 395 = -403. Is h - (5 + 4918/(-2)) prime?
False
Let n = 632435 - 445324. Is n a prime number?
True
Let r be ((-5)/1)/(2/274). Let p = r + 4428. Is p composite?
True
Suppose 0 = -2*z + 13 - 23, 4*x + 5*z - 843 = 0. Let i = x + 304. Is i prime?
True
Let x(l) = 194*l - 391. Is x(33) composite?
False
Let l be ((-1)/2)/(-1) - (-618066)/36. Let b = l + -8816. Is b a prime number?
True
Let v(l) = -l**2 - 9*l - 13. Let q be v(-6). Suppose -4*c - 2480 - 8990 = q*g, 4*c - g = -11458. Is ((-30)/(-15))/((-2)/c*3) prime?
False
Suppose 2*d = -2*k + 90088, -5*k + 257399 = d + 32167. Is k a composite number?
True
Let m be (-19600)/6 + (-15)/45. Let d = 4440 - m. Suppose -2*f + 3*f = -2*y + 2569, -y = -3*f + d. Is f composite?
True
Suppose 0 = -4*y + 26 - 10. Suppose -y*w - 2*v = 6, -w + 3*v = 7*v - 2. Is (0 - 181*-3) + w a prime number?
True
Let z(t) = -t**3 - t + 3. Let r be z(0). Let q(i) = 643*i**2 - 5*i + 7. Is q(r) a prime number?
True
Let q(f) = 8*f + 20. Let u be q(-2). Suppose 3203 = s + u*c - 7*c, -4*s - 5*c + 12812 = 0. Is s prime?
True
Suppose -2*r + 17 = 4*q + r, 0 = 4*q - 2*r - 2. Suppose 0 = q*b - 5*b + 9357. Is b composite?
False
Is 1/(2/8*(-36)/(-580626)) composite?
True
Let v(y) = 654*y**2 + 24*y + 97. Is v(-10) composite?
False
Suppose -a + 3*a - 2*j + 74 = 0, 121 = -3*a - 2*j. Let i = a + 43. Suppose 0 = i*d - 141 - 91. Is d a prime number?
False
Suppose 13260 = 146*b - 142*b. Let u = b - 1338. Is u a prime number?
False
Is (1450586/(-10))/(278/(-1390)) prime?
True
Let o(u) = u**3 - 25*u**2 + 47*u - 26. Let g be o(23). Let v be -1 + g - 4*(-9)/6. Is v/(14/(-23289))*(-2)/6 composite?
False
Suppose 5*j - 3*y = 16562, 3*j + 2874 - 12808 = 5*y. Suppose -2*n + j = 4*z - 345, -3*z - 4*n + 2731 = 0. Is z composite?
True
Let w = 348300 + -172601. Is w composite?
False
Is (345/60 - 1/(-4))*1 + 514672 a prime number?
False
Suppose -3*x + 63795 = 4*o - 16375, o + 4*x - 20049 = 0. Suppose -6*c + 7241 + o = 0. Is c composite?
False
Let t be 3970/((-120)/1050*(-10)/4). Suppose -7*f + t = 966. Is f composite?
False
Let t = 86 + -68. Suppose 0 = t*f + 2*f - 108980. Is f a prime number?
True
Suppose 4*q = 7*q - 7485. Let m = 4974 - q. Let g = m - 1724. Is g prime?
False
Let h = -676 + 674. Is (h - (-48)/20)*(-88455)/(-3) prime?
False
Let p(a) = -71*a + 47. Let w = 27 - 31. Is p(w) a composite number?
False
Let m be 0 - 13/((-65)/10). Is m + 0 + 83565/(1 - -4) composite?
True
Is (-3 + 316738/12)/(-1 - (-63)/54) a composite number?
False
Let v = -3327 - -181567. Suppose 5*j = 5*w + v, -6*w + 4*w = -4*j + 142586. Is j prime?
False
Suppose 557730 = -315*r + 345*r. Is r prime?
False
Suppose 33*o = 41*o - 87656. Suppose 11*h - 31274 = -o. Is h a prime number?
True
Let o = -2 - 3. Is (o - -2)*1 + 494/1 a prime number?
True
Let h be 459/34*(6530/6 - 1). Suppose c + 2*v - h = -3600, -5*c - 5*v = -55400. Is c a composite number?
True
Suppose 4*z + 14*z + 22*z = 9640840. Is z a composite number?
True
Let r be (-11)/3*(-24)/8. Let x(m) = m**3 - 30*m**2 + 57*m - 12. Let b be x(28). Suppose -3175 = r*n - b*n. Is n prime?
False
Let p be 8/60 - (-656)/30. Suppose -3*a + 9751 = 4*o, 4*a = 3*o - 7285 - p. Is o a composite number?
False
Let h(g) = -2*g - 43. Let n be h(-23). Suppose -3*w + n = -2*j - 0*w, 2*w = 5*j + 2. Suppose 3*p - 7971 = 5*r, j*p + 3*r = -2*p + 5314. Is p a composite number?
False
Suppose 5*q = -12*b + 8*b + 189905, -2*b = -2*q - 94948. Suppose 0 = -5*f - 5*l + b, 0 = -54*f + 51*f + 2*l + 28465. Is f composite?
False
Let d(u) = 3*u**2 + 3*u - 1. Let l(n) = -n**2 - n. Let v(f) = d(f) + 2*l(f). Let o(m) = m**3 + 2*m*